 75320?
0
What is the hundred thousands digit of 1943091?
9
What is the millions digit of 9042240?
9
What is the ten thousands digit of 15064?
1
What is the tens digit of 3009924?
2
What is the tens digit of 139527?
2
What is the tens digit of 3104408?
0
What is the hundreds digit of 19819030?
0
What is the ten thousands digit of 188430?
8
What is the hundred thousands digit of 18498381?
4
What is the ten thousands digit of 277592?
7
What is the hundreds digit of 216652?
6
What is the units digit of 28133602?
2
What is the units digit of 3796136?
6
What is the hundreds digit of 327399?
3
What is the hundred thousands digit of 916824?
9
What is the tens digit of 1447173?
7
What is the ten thousands digit of 7279073?
7
What is the hundred thousands digit of 1499992?
4
What is the hundreds digit of 1247856?
8
What is the thousands digit of 6693208?
3
What is the units digit of 230448?
8
What is the hundred thousands digit of 255406?
2
What is the hundreds digit of 1956624?
6
What is the units digit of 2867264?
4
What is the units digit of 92449?
9
What is the hundred thousands digit of 9580355?
5
What is the tens digit of 140312?
1
What is the ten thousands digit of 741293?
4
What is the hundred thousands digit of 683965?
6
What is the thousands digit of 107863?
7
What is the hundreds digit of 1341894?
8
What is the thousands digit of 11803?
1
What is the tens digit of 10618379?
7
What is the ten thousands digit of 2067842?
6
What is the thousands digit of 5903578?
3
What is the ten thousands digit of 53836?
5
What is the hundred thousands digit of 20776655?
7
What is the thousands digit of 1273809?
3
What is the hundred thousands digit of 996658?
9
What is the tens digit of 943641?
4
What is the thousands digit of 74312?
4
What is the thousands digit of 1341885?
1
What is the thousands digit of 1696576?
6
What is the ten thousands digit of 10672789?
7
What is the tens digit of 4451974?
7
What is the hundred thousands digit of 30375289?
3
What is the hundreds digit of 150329?
3
What is the hundred thousands digit of 1533914?
5
What is the tens digit of 895649?
4
What is the ten thousands digit of 1363884?
6
What is the tens digit of 4784400?
0
What is the units digit of 764702?
2
What is the thousands digit of 20475541?
5
What is the tens digit of 773116?
1
What is the hundred thousands digit of 4592766?
5
What is the hundred thousands digit of 102887?
1
What is the millions digit of 21323115?
1
What is the thousands digit of 8719624?
9
What is the hundreds digit of 7283?
2
What is the ten thousands digit of 157407?
5
What is the tens digit of 8148446?
4
What is the hundreds digit of 706731?
7
What is the thousands digit of 15976813?
6
What is the ten thousands digit of 1061913?
6
What is the hundreds digit of 263633?
6
What is the thousands digit of 1274600?
4
What is the tens digit of 327471?
7
What is the units digit of 193656?
6
What is the millions digit of 1022755?
1
What is the millions digit of 9579711?
9
What is the millions digit of 4566567?
4
What is the hundred thousands digit of 4428592?
4
What is the ten millions digit of 16898942?
1
What is the tens digit of 3355272?
7
What is the units digit of 51186?
6
What is the units digit of 11239528?
8
What is the thousands digit of 1374350?
4
What is the hundred thousands digit of 205765?
2
What is the ten thousands digit of 4328470?
2
What is the hundred thousands digit of 1597900?
5
What is the units digit of 30681?
1
What is the units digit of 3817678?
8
What is the units digit of 4801053?
3
What is the units digit of 905694?
4
What is the ten millions digit of 10821221?
1
What is the ten thousands digit of 6718660?
1
What is the units digit of 1076616?
6
What is the tens digit of 94554?
5
What is the tens digit of 1103695?
9
What is the millions digit of 3651942?
3
What is the hundred thousands digit of 653885?
6
What is the hundred thousands digit of 1614208?
6
What is the millions digit of 1339391?
1
What is the tens digit of 708177?
7
What is the thousands digit of 31002?
1
What is the ten thousands digit of 142283?
4
What is the hundred thousands digit of 136389?
1
What is the thousands digit of 825606?
5
What is the hundred thousands digit of 4796964?
7
What is the millions digit of 3263792?
3
What is the thousands digit of 111703?
1
What is the tens digit of 1248653?
5
What is the tens digit of 8063860?
6
What is the hundred thousands digit of 3239664?
2
What is the thousands digit of 6134440?
4
What is the units digit of 295257?
7
What is the hundreds digit of 86442?
4
What is the thousands digit of 11953858?
3
What is the hundreds digit of 1204628?
6
What is the tens digit of 132884?
8
What is the tens digit of 27585418?
1
What is the hundred thousands digit of 257430?
2
What is the thousands digit of 261614?
1
What is the hundreds digit of 514515?
5
What is the ten thousands digit of 7445338?
4
What is the hundred thousands digit of 176147?
1
What is the units digit of 2415707?
7
What is the tens digit of 5714393?
9
What is the hundred thousands digit of 199722?
1
What is the hundred thousands digit of 232392?
2
What is the units digit of 5867322?
2
What is the tens digit of 8945861?
6
What is the hundreds digit of 1266355?
3
What is the millions digit of 3080259?
3
What is the hundred thousands digit of 909306?
9
What is the hundreds digit of 720316?
3
What is the units digit of 20376967?
7
What is the hundreds digit of 45256?
2
What is the hundred thousands digit of 1329367?
3
What is the ten millions digit of 20081924?
2
What is the units digit of 1998278?
8
What is the tens digit of 7083558?
5
What is the thousands digit of 160326?
0
What is the units digit of 1655629?
9
What is the ten thousands digit of 1529021?
2
What is the tens digit of 8072016?
1
What is the tens digit of 595901?
0
What is the millions digit of 1000609?
1
What is the units digit of 30082012?
2
What is the millions digit of 27390207?
7
What is the units digit of 24558261?
1
What is the hundred thousands digit of 12616736?
6
What is the hundreds digit of 733048?
0
What is the units digit of 664413?
3
What is the ten thousands digit of 176435?
7
What is the units digit of 213929?
9
What is the units digit of 3017595?
5
What is the units digit of 2398394?
4
What is the units digit of 2505365?
5
What is the ten thousands digit of 263872?
6
What is the hundreds digit of 5656965?
9
What is the thousands digit of 126852?
6
What is the units digit of 264864?
4
What is the tens digit of 3826290?
9
What is the hundreds digit of 7877720?
7
What is the millions digit of 1455805?
1
What is the thousands digit of 1676280?
6
What is the hundreds digit of 12669?
6
What is the thousands digit of 1373184?
3
What is the units digit of 185087?
7
What is the ten thousands digit of 224042?
2
What is the thousands digit of 2784549?
4
What is the tens digit of 93332?
3
What is the tens digit of 709462?
6
What is the tens digit of 122361?
6
What is the hundred thousands digit of 1364975?
3
What is the hundreds digit of 1565172?
1
What is the hundreds digit of 7179304?
3
What is the hundreds digit of 2864910?
9
What is the thousands digit of 8312698?
2
What is the units digit of 902738?
8
What is the tens digit of 8382781?
8
What is the units digit of 744177?
7
What is the units digit of 11571448?
8
What is the millions digit of 14234714?
4
What is the hundred thousands digit of 5430739?
4
What is the units digit of 628749?
9
What is the tens digit of 992847?
4
What is the hundred thousands digit of 221122?
2
What is the units digit of 339157?
7
What is the hundreds digit of 861027?
0
What is the thousands digit of 101111?
1
What is the ten thousands digit of 5203679?
0
What is the thousands digit of 2134701?
4
What is the hundreds digit of 72044?
0
What is the ten thousands digit of 270946?
7
What is the units digit of 369319?
9
What is the thousands digit of 4697755?
7
What is the ten millions digit of 13449136?
1
What is the tens digit of 293589?
8
What is the thousands digit of 21195566?
5
What is the units digit of 19011816?
6
What is the hundreds digit of 3146018?
0
What is the ten thousands digit of 2395521?
9
What is the hundreds digit of 6871783?
7
What is the tens digit of 853808?
0
What is the hundreds digit of 